j) = -2*j**3 - 2*j**2 + 20*j - 87. Give n(4).
-167
Let d(k) = -k**3 - 6*k**2 + 47*k - 7. Determine d(6).
-157
Let t(b) = 7*b**2 + 56*b + 26. Determine t(-12).
362
Let m(j) = -36*j**2 - 81*j + 4. Give m(-4).
-248
Let y(v) = 43*v - 325. Determine y(3).
-196
Let j(m) = -90*m + 1249. Calculate j(14).
-11
Let n(h) = 15*h**2 - 5*h - 6. Calculate n(-1).
14
Let v(g) = -251*g**2 + 36*g - 11. What is v(1)?
-226
Let m(p) = -41*p + 22. Calculate m(-2).
104
Let z(i) = i**2 - 520*i - 5. What is z(0)?
-5
Let s(x) = -2*x**3 + 49*x**2 - 43*x + 450. What is s(24)?
-6
Let x(d) = 35*d**3 + 217*d**2 + 40*d - 9. Determine x(-6).
3
Let j(h) = 102*h + 2138. Calculate j(-21).
-4
Let s(i) = i**2 + 6*i - 213. Calculate s(-17).
-26
Let h(x) = -x**3 + 27*x**2 - 54*x + 722. What is h(26)?
-6
Let b(c) = -c**3 - 8*c**2 + 11*c + 51. Give b(-2).
5
Let n(s) = -s**2 + 391*s - 20664. Give n(63).
0
Let i(a) = -6441*a - 32210. Determine i(-5).
-5
Let z(p) = 117*p + 25984. Give z(-222).
10
Let i(b) = 2526*b + 25258. Give i(-10).
-2
Let h(t) = -2*t**3 - 36*t**2 + 33*t - 83. Determine h(-19).
12
Let y(n) = n**2 - 12*n + 30. Determine y(9).
3
Let a(w) = -7*w**2 + 223*w + 3. What is a(32)?
-29
Let f(n) = 2*n**2 + 109*n - 290. What is f(-57)?
-5
Let i(p) = -p**3 - 110*p**2 + 22*p + 2421. Determine i(-110).
1
Let u(f) = -f**2 - 15*f - 11. What is u(-10)?
39
Let x(j) = 2075*j + 124496. Determine x(-60).
-4
Let v(o) = -56*o - 286. What is v(-9)?
218
Let c(d) = -68*d - 833. Give c(-12).
-17
Let a(c) = -47*c**2 + 24*c - 49. Determine a(2).
-189
Let q(s) = 51*s + 921. What is q(-18)?
3
Let r(l) = l**3 + 59*l**2 + 10*l + 583. Calculate r(-59).
-7
Let z(t) = 5*t**2 + 18*t + 36. Determine z(-5).
71
Let z(x) = -7*x**2 + 2*x + 1. Calculate z(-1).
-8
Let t(z) = -z**2 + 17*z + 17. What is t(13)?
69
Let y(g) = -g**3 + 107*g**2 + 677*g - 6. Give y(-6).
0
Let l(x) = -8*x**3 - 41*x**2 - 17*x - 50. Give l(-5).
10
Let r(d) = -3884*d + 7768. Give r(2).
0
Let p(o) = -196*o + 1169. Determine p(6).
-7
Let g(y) = 62*y - 302. Calculate g(5).
8
Let r(d) = -d**2 - 21*d - 48. Calculate r(-15).
42
Let l(g) = -55*g - 3733. Give l(-68).
7
Let c(k) = -k**3 + 78*k**2 + 592*k + 252. What is c(85)?
-3
Let q(i) = 10*i**3 + 5*i**2 - 96*i - 189. Give q(-2).
-57
Let j(i) = i**2 - 193*i - 62235. Determine j(-171).
9
Let c(a) = -a**2 + 17*a - 99. Give c(10).
-29
Let m(w) = w + 155. Determine m(31).
186
Let u(f) = -8*f**3 + 23*f**2 + 2*f - 6. What is u(3)?
-9
Let c(m) = -2000*m + 9981. Give c(5).
-19
Let w(b) = 2*b**3 - 206*b**2 + 3452*b - 652. Give w(82).
4
Let b(x) = -x**3 - 2*x**2 - 62*x - 278. Give b(-4).
2
Let u(q) = 24*q**3 + 10*q**2 - 23*q - 6. Give u(2).
180
Let f(j) = 3*j**3 - 4*j**2 - 6*j - 24. Give f(-4).
-256
Let g(z) = 55*z - 2732. What is g(63)?
733
Let w(g) = -76*g + 152. Give w(2).
0
Let c(h) = 1015*h + 8127. Give c(-8).
7
Let i(w) = w**2 + 30*w + 182. What is i(-20)?
-18
Let x(i) = -2*i**3 + 6*i**2 + 11*i + 3. Determine x(-4).
183
Let j(k) = -376*k + 148908. Calculate j(396).
12
Let z(q) = -226*q - 438. Calculate z(-2).
14
Let z(b) = 22*b**2 - 39*b - 527. Give z(6).
31
Let z(l) = -l**3 + 91*l**2 + 187*l - 72. Calculate z(93).
21
Let p(i) = -4*i**3 - 3*i**2 - 17*i + 45. Determine p(3).
-141
Let r(v) = 3*v**3 + 204*v**2 + 6*v + 405. Determine r(-68).
-3
Let z(n) = n**3 - 19*n**2 - 122*n + 31. Determine z(24).
-17
Let d(f) = -f**2 - 12*f - 13. What is d(-4)?
19
Let v(l) = -94*l - 3945. What is v(-42)?
3
Let j(f) = -71*f - 20. Give j(1).
-91
Let d(x) = x**2 - 80*x - 513. Calculate d(86).
3
Let y(v) = -v - 69. What is y(-51)?
-18
Let j(d) = 2*d**2 + 52*d + 332. Determine j(-11).
2
Let g(m) = 2*m + 25. Determine g(-28).
-31
Let j(g) = -386*g**2 + 304*g + 1. Give j(1).
-81
Let b(u) = -u**2 + 56*u + 378. Give b(48).
762
Let s(j) = 9*j**2 + 22*j + 70. Determine s(-3).
85
Let x(h) = 1623*h - 11360. What is x(7)?
1
Let d(b) = 41*b**3 + 201*b**2 - 9*b - 9. Give d(-5).
-64
Let s(c) = -2*c**3 + 70*c**2 + 203*c - 4715. What is s(36)?
1
Let z(t) = t**2 - 2*t - 43. What is z(10)?
37
Let q(v) = 56*v**3 + v**2 - 4*v - 3. Determine q(-1).
-54
Let n(p) = 130*p + 3882. Determine n(-30).
-18
Let f(k) = -k**3 - 54*k**2 - 290*k - 100. Give f(-48).
-4
Let f(o) = -5*o**2 - 23*o + 36. Give f(4).
-136
Let z(x) = -16*x**2 - 21*x + 8. Determine z(-2).
-14
Let q(v) = -3*v**2 - 15*v + 38. Give q(-3).
56
Let x(a) = -a**2 - 30*a - 560. Calculate x(-28).
-504
Let u(g) = g**3 - 22*g**2 + 13*g + 501. Give u(6).
3
Let z(i) = -4*i**2 + 14*i + 5. Calculate z(-1).
-13
Let y(b) = -b**3 - 17*b**2 + 19*b + 282. Calculate y(-17).
-41
Let z(a) = -25*a**2 - 2*a - 4. What is z(-1)?
-27
Let u(g) = -33*g - 171. Calculate u(-6).
27
Let d(h) = -h**2 + 20. Give d(5).
-5
Let y(u) = 4*u**3 + 81*u**2 + 23*u - 16. Give y(-20).
-76
Let q(b) = -3*b**2 + 180*b - 350. Calculate q(58).
-2
Let o(f) = 2*f**2 - 88*f + 669. Determine o(10).
-11
Let x(n) = -n**3 - 38*n**2 - 3*n - 33. Determine x(-38).
81
Let z(n) = 9*n**2 + 119*n + 31. Give z(-13).
5
Let v(f) = 4*f**3 - 15*f**2 - 20*f + 20. What is v(-2)?
-32
Let d(p) = -5*p**2 + 730*p + 145. Calculate d(146).
145
Let z(q) = -16*q**3 + 3*q**2 + 5*q - 18. What is z(2)?
-124
Let s(q) = q**3 - 100*q**2 + 250*q + 3987. Calculate s(97).
10
Let x(r) = 168*r + 562. Determine x(-3).
58
Let x(t) = -10686*t - 42740. Give x(-4).
4
Let r(d) = 205*d - 4270. Determine r(22).
240
Let v(o) = -5*o**2 + 84*o - 231. What is v(14)?
-35
Let c(o) = -17*o**2 - 55*o - 16. Calculate c(-2).
26
Let m(k) = -k**3 + 37*k**2 - 4*k + 9. What is m(0)?
9
Let q(j) = -4*j**2 + 56*j - 192. Calculate q(8).
0
Let h(g) = 538*g + 2678. Calculate h(-5).
-12
Let h(p) = -38*p - 3. Calculate h(-7).
263
Let g(m) = -5*m**2 + 33*m - 328. Give g(9).
-436
Let s(g) = g**2 - 766*g + 50599. Give s(73).
10
Let g(z) = z**3 - 58*z**2 - 60*z - 13. Determine g(59).
-72
Let y(x) = -4*x**2 + 37*x - 45. Give y(5).
40
Let y(k) = -k**3 - 44*k**2 - 39*k + 130. Determine y(-43).
-42
Let w(z) = -z**2 - 28*z - 105. What is w(-14)?
91
Let i(n) = -n + 66. Calculate i(-19).
85
Let x(f) = 3*f**2 + 47*f + 15. Determine x(-7).
-167
Let o(l) = -3*l**2 - 84*l + 565. Determine o(6).
-47
Let l(r) = 4*r**3 - 214*r**2 + 108*r - 116. Determine l(53).
-10
Let v(c) = -c**3 - 7*c**2 - 17*c - 25. Determine v(-4).
-5
Let k(a) = -8*a + 861. What is k(108)?
-3
Let t(y) = 15*y**3 - 254*y**2 - 16*y - 28. Calculate t(17).
-11
Let c(k) = 36*k + 385. Calculate c(-11).
-11
Let u(f) = -132*f - 1469. Determine u(-11).
-17
Let h(c) = 6*c**2 + 2*c - 4. Calculate h(5).
156
Let g(d) = -106*d - 66. What is g(-1)?
40
Let y(h) = 60*h - 159. Give y(7).
261
Let h(z) = -2*z**2 + 71*z - 76. Determine h(32).
148
Let a(r) = r**3 + 5*r**2 + 42*r + 91. What is a(-9)?
-611
Let b(x) = -x**3 - 7*x**2 - 15*x - 9. Determine b(-5).
16
Let g(u) = -7*u**2 + 41*u + 170. Determine g(-5).
-210
Let v(m) = -2*m**2 + 65*m + 339. Calculate v(37).
6
Let p(k) = k**3 + 539*k**2 + 3725*k + 3. Give p(-7).
-4
Let o(y) = y**2 - 27*y + 131. Give o(7).
-9
Let t(o) = -2*o**2 + 9*o - 31. Calculate t(3).
-22
Let l(r) = -2*r - 427. What is l(-42)?
-343
Let k(n) = 5*n**2 - 46*n - 26. What is k(9)?
-35
Let k(p) = p**2 - p + 58. What is k(-7)?
114
Let j(t) = t**3 - 20*t**2 + 135*t - 16. Determine j(8).
296
Let d(j) = -337*j - 6022. Give d(-18).
44
Let o(x) = -4*x**2 + 84*x - 470. Determine o(11).
-30
Let x(h) = -h**2 + 179*h + 6. Give x(0).
6
Let j(s) = -16*s - 2065. Determine j(-131).
31
Let n(i) = 3*i**3 + 18*i**2 + 55*i + 232. Calculate n(-5).
32
Let l(g) = -3*g**3 - 42*g**2 + 13*g + 206. Determine l(-14).
24
Let w(t) = 4*t**3 - 20*t**2 - 63*t + 9. What is w(6)?
-225
Let t(x) = -6*x**3 - 64*x**2 - 40*x - 4. Give t(-10).
-4
Let l(p) = 132*p + 9767. What is l(-74)?
-1
Let y(w) = 2*w**3 + 4*w**2 + 6*w + 10. Calculate y(4).
226
Let y(b) = -11*b**2 - 187*b - 16. Calculate y(-17).
-16
Let v(z) = -331*z - 652. What is v(-2)?
10
Let r(u) = u**3 + 13*u**2 - 51*u + 235. What is r(-17)?
-54
Let p(g) = -g**3 + 13*g**2 + 177*g + 454. Determine p(22).
-8
Let m(u) = 445*u + 5809. What is m(-13)?
24
Let w(n) = 3*n**2 - 2*n - 53. Calculate w(-6).
67
Let f(a) = -49*a - 247. Determine f(-5).
-2
Let l(r) = -4*r**3 - 140*r**2 + 2*r + 79. Calculate l(-35).
9
Let l(f) = 23*f + 209. Determine l(-14).
-113
Let f(a) = -75*a + 87. What is f(5)?
-288
Let z(x) = -216*x + 490. Determine z